 - h + 6. Let d be j(3). Calculate the greatest common factor of d and t.
7
Let j = -334 - -424. Calculate the highest common factor of j and 306.
18
Let g = -383 - -255. Let h = 183 + g. Suppose 3 = -v + 4*v - 4*i, -3*v + 5*i = 0. What is the highest common divisor of v and h?
5
Let w = -14 + 196. Calculate the greatest common divisor of 14 and w.
14
Suppose 28 = 2*y + 2*y. What is the greatest common divisor of y and 133?
7
Let g(v) = 36*v + 2. Let s be g(2). Suppose -5*u - 4*x = -s + 9, 2*x = -u + 13. Let f = 21 - u. Calculate the highest common factor of f and 24.
8
Let z be (-2 + (-4 - -1))/(-1). Suppose -4*t + 768 = 5*m - 2*t, 5*t - 780 = -z*m. Calculate the greatest common factor of m and 8.
8
Let s be (-9078)/(-54) - 4/36. What is the highest common factor of s and 392?
56
Let z(h) = -h**2 + h + 16. Let v be z(-3). What is the highest common divisor of v and 188?
4
Let c(n) = n**2 + 3*n - 7. Let k be c(4). Suppose -2*h = -17 - k. What is the greatest common divisor of 152 and h?
19
Let h be 6*17/(-2)*-1. Let p = h - 20. Suppose 3*c - p = 74. Calculate the greatest common divisor of c and 7.
7
Suppose a - 10 = 1. Let o = 21 + -20. Let r be (-22)/(o + 26/(-22)). Calculate the highest common factor of r and a.
11
Let t be (12/(-2))/(7/(-63)). What is the highest common divisor of t and 189?
27
Let m = -15 + -2. Let f = 31 + m. Let q be (28/(-6))/((-12)/54). Calculate the greatest common divisor of q and f.
7
Suppose -19*x - 30*x + 2744 = 0. Calculate the highest common factor of 32 and x.
8
Let q(m) = -m**3 - 3*m**2 + 7*m - 1. Let f be q(-5). Let g(t) = -t + 23. Let z be g(-12). What is the highest common factor of z and f?
7
Let w = 44 + -29. Suppose 0*m - w = -3*m. Let v be (-4)/(-10)*m*5. Calculate the highest common factor of v and 50.
10
Let w(j) = j**2 - 10*j + 4. Let h be w(10). Let g be (-351)/(-12) + (-1)/h. What is the greatest common factor of 116 and g?
29
Let d(s) = -12*s + 3. Let u be d(-2). Let h be (-6)/u - 296/(-36). Let a = h - 3. Calculate the highest common divisor of 20 and a.
5
Let y = -193 + 277. Suppose 26 + y = 2*j. What is the highest common divisor of 11 and j?
11
Let o be -5 + 4 + 0 - 524/(-4). What is the greatest common factor of 30 and o?
10
Let d = -1515 + 1575. Calculate the greatest common factor of 225 and d.
15
Let q(y) = 7*y - 8*y + y**2 - 38 - 6*y + 2. Let s be q(15). What is the highest common factor of 14 and s?
14
Suppose 847 = 11*i - 4*i. Let g = -148 + 227. Let m = i - g. What is the greatest common factor of 21 and m?
21
Let y = -529 - -901. Suppose -228 = -5*u + y. Calculate the greatest common factor of 30 and u.
30
Suppose 3*a - 1 = 8. Let k(p) = p**2 + 266*p - 1631. Let d be k(6). What is the highest common factor of a and d?
1
Suppose 0 = 5*f - 7*f. Suppose 5*z = 5*g + 295, -4*z = -3*g - f*g - 232. What is the greatest common factor of z and 11?
11
Let l(i) = -i**2 - i + 1. Let w(c) = -c**3 - 11*c**2 + 17*c + 47. Let m(r) = 2*l(r) + w(r). Let g be m(-14). What is the greatest common divisor of 5 and g?
5
Let l be 0 + (1 - (-4 - -3)). Let z be (-452)/(-8) + 1/l. Let g be -38*((-1)/2 + 0). Calculate the highest common factor of z and g.
19
Suppose -i - 5 = 2*m, 5*i + 4 = -2*m + 3. Let u be (-344)/m + 12/(-18). Calculate the greatest common factor of u and 38.
38
Let f(d) = d**2 - 16*d + 18. Let a(n) = n**2 - n - 3. Let b be a(-4). Let m be f(b). What is the greatest common divisor of m and 35?
35
Let x(i) = i**3 + 15*i**2 - 13*i + 70. Let z be x(-16). Calculate the highest common factor of z and 10.
2
Let d(b) be the third derivative of -b**6/120 + b**5/6 + b**4/8 + 7*b**3/3 + 4*b**2. Let j be d(10). Calculate the highest common factor of 352 and j.
44
Suppose -218 = -7*a + 734. Suppose -z + 6*z - 15 = 0. Suppose -7*d = -z*d - 68. What is the greatest common divisor of a and d?
17
Let j be 18/(-12)*(-2)/3. Let k be (j - -2)/((-6)/(-70)). Let l(x) = -2*x + 29. Let y be l(11). Calculate the highest common factor of y and k.
7
Let f be ((-12)/9)/(4/6) + 66. Suppose 4*v + f = j, -2*v - 87 = -2*j + 17. What is the highest common factor of 6 and j?
6
Let o = 311 - 209. Calculate the highest common factor of o and 6.
6
Let a = 39 + -55. Let u = a - -39. Let n = 21 - -186. What is the highest common divisor of u and n?
23
Let u be 3*(-1 + 3/9). Let s be (-4 - u)*(-9)/6. Suppose f = -s*f + 4. What is the highest common factor of f and 2?
1
Let x = -1076 - -1128. What is the highest common divisor of x and 1391?
13
Suppose -4*b + 396 = 4*k, -35*k = -33*k + 5*b - 207. Calculate the highest common divisor of 216 and k.
24
Let k = 13 - 6. Suppose 6 = -z + 2*y, z + 0*y - y + 7 = 0. Let j = k - z. Calculate the highest common factor of j and 90.
15
Suppose 0 = 3*w + 2*w - 10. Let o(q) = q - 245 + 246 + 2*q. Let f be o(w). Calculate the greatest common divisor of f and 63.
7
Let b = -443 - -463. Calculate the greatest common factor of 135 and b.
5
Let r be 1/2*(0 - 0). Let d = r - -167. Let p = -113 + d. What is the greatest common factor of 36 and p?
18
Let m(g) = 19*g + 153. Let i be m(0). Calculate the highest common factor of 425 and i.
17
Let x = 6 - 14. Let k be x/(-20) - 252/(-20). Let z = 8 + k. Calculate the highest common factor of 63 and z.
21
Let v(c) = 2*c**3 + 3*c**2 + 4*c + 6. Let u be v(-3). Let o = u - -51. What is the greatest common divisor of 3 and o?
3
Let v = 178 - 125. Calculate the highest common divisor of 1 and v.
1
Let h = 12 + 4. Let f = 1 + 3. Suppose f*b = -2*p + 80, 3*p - 3*b = 11 + 73. What is the highest common factor of p and h?
16
Let n be (35 - (3 + -3)) + -2. Let h = n + 0. Let g(k) = -k**2 - 2*k + 22. Let r be g(0). Calculate the greatest common factor of h and r.
11
Let t be (10 + -4)*(-2 - -50). Calculate the greatest common divisor of 64 and t.
32
Let l(h) = -2*h + 5. Let j be l(6). Let p be j/(-1) - 0/2. Suppose 0 = 3*q - 14 - p. Calculate the highest common factor of q and 77.
7
Let u = -3 - -5. Let k be u - 0/((-3)/(-3)). Suppose 0 = -5*x - 10, 3*x = k*w + 7*x - 132. What is the greatest common divisor of w and 10?
10
Let q = 208 + -122. Suppose w + 77 = q. Let x(h) = h. Let d be x(1). Calculate the highest common factor of w and d.
1
Suppose -2*z - 4*o = -o - 12, 0 = -3*z + 3*o - 12. Let k be (1 - z)/((-12)/(-48)). Suppose -4*m + 30 = m. Calculate the highest common divisor of k and m.
2
Let w = -695 - -1036. What is the greatest common divisor of w and 11?
11
Let o = -3 - 7. Let b be -1*4/o*10. Suppose q = -b*t + 82, -2*q + t + 13 + 115 = 0. What is the highest common divisor of q and 6?
6
Let s be (2 - (-2)/(-4))*(8 - 6). Let m = 55 - 7. Calculate the highest common factor of m and s.
3
Let l be 5/(5 + (-9 - -5)). Suppose -f - 80 = -3*f. Calculate the greatest common divisor of f and l.
5
Suppose -75 = -8*c + 61. Calculate the highest common factor of c and 17.
17
Suppose 3*x + 3*h - 31 = -2*h, 0 = 4*x - 2*h + 2. Let u = 395 - 392. Let s = x + u. What is the greatest common divisor of s and 1?
1
Let q = 25 - 21. Let z be 14 - (-3)/6*q. Let h be (1 - -47)*(2 + -1). What is the greatest common factor of h and z?
16
Suppose -h = -7 + 1. Let r(t) = 84*t**2 - 1427*t - 11. Let c be r(17). Calculate the highest common factor of h and c.
6
Suppose -139*k + 320 = -129*k. Suppose -o + 4*v = -419, -o + 5*v + 282 = -134. Let q = 687 - o. What is the highest common divisor of q and k?
32
Suppose 3*n = -4*t + 267, 0*t - 5*n = -4*t + 291. What is the greatest common divisor of 6 and t?
3
Let i = -11 + 23. Let d be ((-6)/i)/((-2)/8). Suppose 1 = -y + d. What is the greatest common factor of y and 11?
1
Let r = 26 + 4. Let u be r/2*4/5. Let g be (1/((-8)/(-48)))/2. Calculate the greatest common divisor of u and g.
3
Let v = 3 + -1. Let y = 426 + -34. Suppose 3*c = -v*t + y, t + 4*t + 142 = c. What is the highest common factor of c and 12?
12
Let v be 3 - (7 + -4) - (-20 + 2). Let q(m) = -m**3 + 19*m**2 - 17*m - 16. Let l be q(v). What is the greatest common divisor of 10 and l?
2
Let c(w) = 8*w**3 - 2*w**2 - 2. Let i be c(2). Let d(s) = s**3 - 7*s**2 + 8*s + 6. Let y be d(6). Calculate the highest common factor of i and y.
18
Suppose p = -l + 84, 0 = 3*l - 2*l - 3*p - 76. What is the greatest common divisor of 41 and l?
41
Suppose 0 = -0*r - 3*r + 189. Let f = r + -58. What